d 68?
4
Calculate the greatest common divisor of 825 and 1045.
55
Calculate the highest common factor of 23 and 2461.
23
What is the highest common divisor of 300 and 375?
75
Calculate the greatest common divisor of 192 and 84.
12
Calculate the highest common divisor of 100 and 180.
20
What is the greatest common factor of 87 and 88653?
87
What is the highest common divisor of 525 and 21?
21
What is the highest common factor of 85 and 5?
5
Calculate the greatest common factor of 44 and 935.
11
Calculate the highest common factor of 30 and 81660.
30
What is the highest common divisor of 62 and 806?
62
Calculate the highest common factor of 488 and 16.
8
What is the highest common divisor of 696 and 24?
24
What is the highest common factor of 69 and 23?
23
What is the greatest common factor of 71 and 2201?
71
Calculate the highest common divisor of 324 and 5994.
162
Calculate the greatest common factor of 399 and 38.
19
Calculate the highest common factor of 203 and 7.
7
Calculate the greatest common divisor of 1 and 151.
1
Calculate the highest common factor of 345 and 897.
69
What is the greatest common divisor of 140 and 80?
20
Calculate the highest common divisor of 27 and 36.
9
What is the greatest common divisor of 13696 and 107?
107
What is the greatest common divisor of 42 and 1338?
6
Calculate the greatest common factor of 195 and 65.
65
Calculate the greatest common factor of 169 and 39.
13
What is the greatest common factor of 147 and 1113?
21
Calculate the highest common factor of 568 and 8.
8
What is the greatest common factor of 90 and 385?
5
Calculate the highest common factor of 368 and 23.
23
Calculate the highest common factor of 949 and 299.
13
Calculate the greatest common divisor of 896 and 175.
7
Calculate the greatest common divisor of 12 and 2436.
12
What is the greatest common divisor of 6290 and 340?
170
Calculate the highest common divisor of 41905 and 85.
85
What is the greatest common factor of 21120 and 50?
10
Calculate the greatest common divisor of 392 and 441.
49
What is the highest common factor of 3090 and 90?
30
Calculate the greatest common factor of 34 and 340.
34
What is the greatest common divisor of 3115 and 385?
35
Calculate the highest common divisor of 4326 and 63.
21
What is the greatest common divisor of 9 and 309?
3
What is the highest common factor of 31 and 43?
1
What is the greatest common factor of 9630 and 90?
90
Calculate the greatest common factor of 20264 and 68.
68
What is the highest common divisor of 395 and 79?
79
Calculate the highest common factor of 912 and 48.
48
Calculate the highest common factor of 12 and 6.
6
Calculate the greatest common factor of 3 and 327.
3
Calculate the greatest common factor of 245 and 175.
35
What is the greatest common divisor of 11711 and 147?
49
What is the greatest common divisor of 40 and 520?
40
What is the highest common divisor of 8 and 94?
2
What is the highest common factor of 10 and 95?
5
Calculate the greatest common factor of 798 and 14.
14
What is the highest common factor of 51 and 408?
51
What is the highest common divisor of 5038 and 22?
22
Calculate the highest common factor of 722 and 1083.
361
What is the highest common divisor of 12 and 564?
12
Calculate the greatest common factor of 10248 and 336.
168
Calculate the highest common divisor of 21 and 54.
3
Calculate the greatest common factor of 53 and 4187.
53
Calculate the highest common factor of 1680 and 15.
15
What is the greatest common divisor of 8395 and 73?
73
Calculate the greatest common divisor of 58350 and 150.
150
What is the highest common factor of 3840 and 15?
15
Calculate the greatest common divisor of 1554 and 28.
14
What is the highest common divisor of 210 and 7098?
42
What is the greatest common divisor of 92 and 575?
23
Calculate the greatest common factor of 21 and 7903.
7
What is the greatest common divisor of 845 and 5?
5
What is the highest common factor of 15 and 115?
5
What is the highest common factor of 4460 and 20?
20
What is the highest common factor of 10560 and 24?
24
Calculate the greatest common factor of 59 and 6785.
59
Calculate the greatest common factor of 62 and 8153.
31
What is the greatest common divisor of 4740 and 240?
60
What is the greatest common divisor of 5206 and 1178?
38
Calculate the greatest common divisor of 1173 and 276.
69
Calculate the highest common divisor of 39 and 949.
13
What is the greatest common factor of 2253 and 9?
3
What is the greatest common divisor of 20 and 860?
20
What is the highest common factor of 76 and 4978?
38
What is the highest common factor of 141 and 19317?
141
What is the highest common divisor of 1016 and 8?
8
Calculate the greatest common factor of 119 and 5593.
119
What is the highest common factor of 952 and 70?
14
Calculate the highest common divisor of 230 and 598.
46
Calculate the greatest common divisor of 21 and 2541.
21
Calculate the highest common divisor of 14 and 98.
14
What is the highest common factor of 64 and 16?
16
Calculate the greatest common divisor of 252 and 360.
36
Calculate the highest common divisor of 45 and 2295.
45
What is the highest common factor of 3417 and 871?
67
What is the highest common divisor of 29 and 725?
29
What is the greatest common factor of 101404 and 404?
404
Calculate the highest common factor of 560 and 5120.
80
What is the greatest common divisor of 459 and 68?
17
Calculate the highest common factor of 44 and 33.
11
Calculate the highest common divisor of 4107 and 111.
111
Calculate the greatest common divisor of 27 and 11826.
27
What is the greatest common factor of 128 and 192?
64
Calculate the highest common divisor of 1682 and 87.
29
Calculate the highest common divisor of 7 and 581.
7
What is the greatest common factor of 8 and 25336?
8
What is the highest common divisor of 18 and 15858?
18
Calculate the greatest common divisor of 108 and 1026.
54
What is the highest common divisor of 2 and 5?
1
Calculate the highest common divisor of 10 and 415.
5
What is the greatest common divisor of 2034 and 90?
18
Calculate the greatest common divisor of 5760 and 135.
45
Calculate the highest common divisor of 6 and 129.
3
Calculate the highest common divisor of 70 and 630.
70
Calculate the highest common factor of 12 and 1002.
6
Calculate the highest common factor of 132 and 66.
66
What is the greatest common divisor of 2464 and 14?
14
What is the greatest common divisor of 50 and 9370?
10
Calculate the greatest common factor of 87 and 1624.
29
Calculate the greatest common factor of 42 and 14070.
42
Calculate the highest common factor of 15 and 2235.
15
Calculate the greatest common divisor of 67 and 6499.
67
Calculate the greatest common divisor of 5845 and 21.
7
Calculate the greatest common divisor of 32 and 1312.
32
Calculate the greatest common divisor of 551 and 493.
29
Calculate the greatest common divisor of 58 and 14.
2
What is the highest common divisor of 72 and 168?
24
What is the highest common divisor of 176 and 35200?
176
Calculate the highest common factor of 10385 and 465.
155
What is the highest common divisor of 196 and 28?
28
Calculate the greatest common factor of 50352 and 4.
4
What is the greatest common divisor of 44292 and 12?
12
Calculate the highest common divisor of 98 and 4102.
14
Calculate the greatest common factor of 9288 and 216.
216
Calculate the greatest common divisor of 80 and 6440.
40
Calculate the greatest common factor of 4480 and 35.
35
Calculate the highest common divisor of 2575 and 75.
25
Calculate the highest common factor of 1540 and 100.
20
What is the greatest common divisor of 1001 and 1144?
143
Calculate the highest common divisor of 6 and 25458.
6
Calculate the greatest common divisor of 19 and 1.
1
What is the highest common factor of 165 and 220?
55
Calculate the greatest common factor of 43240 and 47.
47
Calculate the greatest common divisor of 582 and 318.
6
Calculate the greatest common divisor of 3519 and 68.
17
Calculate the highest common factor of 169 and 16393.
169
Calculate the greatest common divisor of 3654 and 9.
9
What is the greatest common divisor of 25 and 1725?
25
Calculate the highest common divisor of 112 and 588.
28
What is the highest common factor of 10 and 145?
5
What is the grea